{"id":43,"date":"2023-07-25T19:46:13","date_gmt":"2023-07-25T17:46:13","guid":{"rendered":"https:\/\/ihsi.fr\/?page_id=43"},"modified":"2023-07-25T19:46:13","modified_gmt":"2023-07-25T17:46:13","slug":"fraternites","status":"publish","type":"page","link":"https:\/\/ihsi.fr\/index.php\/fraternites\/","title":{"rendered":"Fraternit\u00e9s"},"content":{"rendered":"\n<p>Les fraternit\u00e9s Saint Ir\u00e9n\u00e9e sont en cours d&rsquo;\u00e9laboration.<\/p>\n\n\n\n<p>Des nouvelles seront publi\u00e9es prochainement.<\/p>\n","protected":false},"excerpt":{"rendered":"<p>Les fraternit\u00e9s Saint Ir\u00e9n\u00e9e sont en cours d&rsquo;\u00e9laboration. Des nouvelles seront publi\u00e9es prochainement.<\/p>\n","protected":false},"author":1,"featured_media":0,"parent":0,"menu_order":0,"comment_status":"closed","ping_status":"closed","template":"","meta":{"footnotes":""},"class_list":["post-43","page","type-page","status-publish","hentry"],"_links":{"self":[{"href":"https:\/\/ihsi.fr\/index.php\/wp-json\/wp\/v2\/pages\/43","targetHints":{"allow":["GET"]}}],"collection":[{"href":"https:\/\/ihsi.fr\/index.php\/wp-json\/wp\/v2\/pages"}],"about":[{"href":"https:\/\/ihsi.fr\/index.php\/wp-json\/wp\/v2\/types\/page"}],"author":[{"embeddable":true,"href":"https:\/\/ihsi.fr\/index.php\/wp-json\/wp\/v2\/users\/1"}],"replies":[{"embeddable":true,"href":"https:\/\/ihsi.fr\/index.php\/wp-json\/wp\/v2\/comments?post=43"}],"version-history":[{"count":1,"href":"https:\/\/ihsi.fr\/index.php\/wp-json\/wp\/v2\/pages\/43\/revisions"}],"predecessor-version":[{"id":44,"href":"https:\/\/ihsi.fr\/index.php\/wp-json\/wp\/v2\/pages\/43\/revisions\/44"}],"wp:attachment":[{"href":"https:\/\/ihsi.fr\/index.php\/wp-json\/wp\/v2\/media?parent=43"}],"curies":[{"name":"wp","href":"https:\/\/api.w.org\/{rel}","templated":true}]}}